{"id":69,"date":"2022-11-07T19:54:22","date_gmt":"2022-11-07T18:54:22","guid":{"rendered":"https:\/\/server931206.nazwa.pl\/wordpress\/wpn_pierwszainstalacja\/?page_id=69"},"modified":"2022-11-12T19:15:38","modified_gmt":"2022-11-12T18:15:38","slug":"galeria","status":"publish","type":"page","link":"https:\/\/elektr-on.pl\/?page_id=69","title":{"rendered":"Galeria"},"content":{"rendered":"\t\t<div data-elementor-type=\"wp-page\" data-elementor-id=\"69\" class=\"elementor elementor-69\">\n\t\t\t\t\t\t\t\t\t<section class=\"elementor-section elementor-top-section elementor-element elementor-element-1477f98 elementor-section-boxed elementor-section-height-default elementor-section-height-default\" data-id=\"1477f98\" data-element_type=\"section\">\n\t\t\t\t\t\t<div class=\"elementor-container elementor-column-gap-default\">\n\t\t\t\t\t<div class=\"elementor-column elementor-col-100 elementor-top-column elementor-element elementor-element-1f58f5a\" data-id=\"1f58f5a\" data-element_type=\"column\">\n\t\t\t<div class=\"elementor-widget-wrap elementor-element-populated\">\n\t\t\t\t\t\t\t\t<div class=\"elementor-element elementor-element-4778281 elementor-arrows-position-inside elementor-pagination-position-outside elementor-widget elementor-widget-image-carousel\" data-id=\"4778281\" data-element_type=\"widget\" data-settings=\"{&quot;lazyload&quot;:&quot;yes&quot;,&quot;autoplay_speed&quot;:4000,&quot;navigation&quot;:&quot;both&quot;,&quot;autoplay&quot;:&quot;yes&quot;,&quot;pause_on_hover&quot;:&quot;yes&quot;,&quot;pause_on_interaction&quot;:&quot;yes&quot;,&quot;infinite&quot;:&quot;yes&quot;,&quot;speed&quot;:500}\" data-widget_type=\"image-carousel.default\">\n\t\t\t\t<div class=\"elementor-widget-container\">\n\t\t\t<style>\/*! elementor - v3.8.0 - 30-10-2022 *\/\n.elementor-widget-image-carousel .swiper-container{position:static}.elementor-widget-image-carousel .swiper-container .swiper-slide figure{line-height:inherit}.elementor-widget-image-carousel .swiper-slide{text-align:center}.elementor-image-carousel-wrapper:not(.swiper-container-initialized) .swiper-slide{max-width:calc(100% \/ var(--e-image-carousel-slides-to-show, 3))}<\/style>\t\t<div class=\"elementor-image-carousel-wrapper swiper-container\" dir=\"ltr\">\n\t\t\t<div class=\"elementor-image-carousel swiper-wrapper\">\n\t\t\t\t\t\t\t\t<div class=\"swiper-slide\"><figure class=\"swiper-slide-inner\"><img class=\"swiper-slide-image swiper-lazy\" data-src=\"https:\/\/elektr-on.pl\/wp-content\/uploads\/2022\/11\/20171204_220101-150x150.jpg\" alt=\"20171204_220101\" \/><div class=\"swiper-lazy-preloader\"><\/div><\/figure><\/div><div class=\"swiper-slide\"><figure class=\"swiper-slide-inner\"><img class=\"swiper-slide-image swiper-lazy\" data-src=\"https:\/\/elektr-on.pl\/wp-content\/uploads\/2022\/11\/20171130_203006-150x150.jpg\" alt=\"20171130_203006\" \/><div class=\"swiper-lazy-preloader\"><\/div><\/figure><\/div><div class=\"swiper-slide\"><figure class=\"swiper-slide-inner\"><img class=\"swiper-slide-image swiper-lazy\" data-src=\"https:\/\/elektr-on.pl\/wp-content\/uploads\/2022\/11\/IMG_20180202_114452-150x150.jpg\" alt=\"hdr\" \/><div class=\"swiper-lazy-preloader\"><\/div><\/figure><\/div><div class=\"swiper-slide\"><figure class=\"swiper-slide-inner\"><img class=\"swiper-slide-image swiper-lazy\" data-src=\"https:\/\/elektr-on.pl\/wp-content\/uploads\/2022\/11\/20171128_083645-150x150.jpg\" alt=\"20171128_083645\" \/><div class=\"swiper-lazy-preloader\"><\/div><\/figure><\/div><div class=\"swiper-slide\"><figure class=\"swiper-slide-inner\"><img class=\"swiper-slide-image swiper-lazy\" data-src=\"https:\/\/elektr-on.pl\/wp-content\/uploads\/2022\/11\/20171126_201028-150x150.jpg\" alt=\"20171126_201028\" \/><div class=\"swiper-lazy-preloader\"><\/div><\/figure><\/div><div class=\"swiper-slide\"><figure class=\"swiper-slide-inner\"><img class=\"swiper-slide-image swiper-lazy\" data-src=\"https:\/\/elektr-on.pl\/wp-content\/uploads\/2022\/11\/IMG_20180202_114625-150x150.jpg\" alt=\"hdr\" \/><div class=\"swiper-lazy-preloader\"><\/div><\/figure><\/div><div class=\"swiper-slide\"><figure class=\"swiper-slide-inner\"><img class=\"swiper-slide-image swiper-lazy\" data-src=\"https:\/\/elektr-on.pl\/wp-content\/uploads\/2022\/11\/20171204_220050-150x150.jpg\" alt=\"20171204_220050\" \/><div class=\"swiper-lazy-preloader\"><\/div><\/figure><\/div><div class=\"swiper-slide\"><figure class=\"swiper-slide-inner\"><img class=\"swiper-slide-image swiper-lazy\" data-src=\"https:\/\/elektr-on.pl\/wp-content\/uploads\/2022\/11\/IMG_20180202_114734-150x150.jpg\" alt=\"hdr\" \/><div class=\"swiper-lazy-preloader\"><\/div><\/figure><\/div><div class=\"swiper-slide\"><figure class=\"swiper-slide-inner\"><img class=\"swiper-slide-image swiper-lazy\" data-src=\"https:\/\/elektr-on.pl\/wp-content\/uploads\/2022\/11\/IMG_20180202_114340-150x150.jpg\" alt=\"hdr\" \/><div class=\"swiper-lazy-preloader\"><\/div><\/figure><\/div>\t\t\t<\/div>\n\t\t\t\t\t\t\t\t\t\t\t\t<div class=\"swiper-pagination\"><\/div>\n\t\t\t\t\t\t\t\t\t\t\t\t\t<div class=\"elementor-swiper-button elementor-swiper-button-prev\">\n\t\t\t\t\t\t<i aria-hidden=\"true\" class=\"eicon-chevron-left\"><\/i>\t\t\t\t\t\t<span class=\"elementor-screen-only\">Poprzednie<\/span>\n\t\t\t\t\t<\/div>\n\t\t\t\t\t<div class=\"elementor-swiper-button elementor-swiper-button-next\">\n\t\t\t\t\t\t<i aria-hidden=\"true\" class=\"eicon-chevron-right\"><\/i>\t\t\t\t\t\t<span class=\"elementor-screen-only\">Nast\u0119pne<\/span>\n\t\t\t\t\t<\/div>\n\t\t\t\t\t\t\t\t\t<\/div>\n\t\t\t\t<\/div>\n\t\t\t\t<\/div>\n\t\t\t\t\t<\/div>\n\t\t<\/div>\n\t\t\t\t\t\t\t<\/div>\n\t\t<\/section>\n\t\t\t\t<section class=\"elementor-section elementor-top-section elementor-element elementor-element-e273dfc elementor-section-full_width elementor-section-height-default elementor-section-height-default\" data-id=\"e273dfc\" data-element_type=\"section\">\n\t\t\t\t\t\t<div class=\"elementor-container elementor-column-gap-default\">\n\t\t\t\t\t<div class=\"elementor-column elementor-col-100 elementor-top-column elementor-element elementor-element-c4e0cb7\" data-id=\"c4e0cb7\" data-element_type=\"column\">\n\t\t\t<div class=\"elementor-widget-wrap elementor-element-populated\">\n\t\t\t\t\t\t\t\t<div class=\"elementor-element elementor-element-d435b8f elementor-arrows-position-inside elementor-pagination-position-outside elementor-widget elementor-widget-image-carousel\" data-id=\"d435b8f\" data-element_type=\"widget\" data-settings=\"{&quot;lazyload&quot;:&quot;yes&quot;,&quot;autoplay_speed&quot;:4000,&quot;navigation&quot;:&quot;both&quot;,&quot;autoplay&quot;:&quot;yes&quot;,&quot;pause_on_hover&quot;:&quot;yes&quot;,&quot;pause_on_interaction&quot;:&quot;yes&quot;,&quot;infinite&quot;:&quot;yes&quot;,&quot;speed&quot;:500}\" data-widget_type=\"image-carousel.default\">\n\t\t\t\t<div class=\"elementor-widget-container\">\n\t\t\t\t\t<div class=\"elementor-image-carousel-wrapper swiper-container\" dir=\"ltr\">\n\t\t\t<div class=\"elementor-image-carousel swiper-wrapper\">\n\t\t\t\t\t\t\t\t<div class=\"swiper-slide\"><figure class=\"swiper-slide-inner\"><img class=\"swiper-slide-image swiper-lazy\" data-src=\"https:\/\/elektr-on.pl\/wp-content\/uploads\/2022\/11\/2012-01-30-11.33.18-150x150.jpg\" alt=\"2012-01-30 11.33.18\" \/><div class=\"swiper-lazy-preloader\"><\/div><\/figure><\/div><div class=\"swiper-slide\"><figure class=\"swiper-slide-inner\"><img class=\"swiper-slide-image swiper-lazy\" data-src=\"https:\/\/elektr-on.pl\/wp-content\/uploads\/2022\/11\/20171017_074235-150x150.jpg\" alt=\"20171017_074235\" \/><div class=\"swiper-lazy-preloader\"><\/div><\/figure><\/div><div class=\"swiper-slide\"><figure class=\"swiper-slide-inner\"><img class=\"swiper-slide-image swiper-lazy\" data-src=\"https:\/\/elektr-on.pl\/wp-content\/uploads\/2022\/11\/20150219_091314-150x150.jpg\" alt=\"20150219_091314\" \/><div class=\"swiper-lazy-preloader\"><\/div><\/figure><\/div><div class=\"swiper-slide\"><figure class=\"swiper-slide-inner\"><img class=\"swiper-slide-image swiper-lazy\" data-src=\"https:\/\/elektr-on.pl\/wp-content\/uploads\/2022\/11\/2012-01-26-14.43.47-150x150.jpg\" alt=\"2012-01-26 14.43.47\" \/><div class=\"swiper-lazy-preloader\"><\/div><\/figure><\/div><div class=\"swiper-slide\"><figure class=\"swiper-slide-inner\"><img class=\"swiper-slide-image swiper-lazy\" data-src=\"https:\/\/elektr-on.pl\/wp-content\/uploads\/2022\/11\/20150130_123608-150x150.jpg\" alt=\"20150130_123608\" \/><div class=\"swiper-lazy-preloader\"><\/div><\/figure><\/div><div class=\"swiper-slide\"><figure class=\"swiper-slide-inner\"><img class=\"swiper-slide-image swiper-lazy\" data-src=\"https:\/\/elektr-on.pl\/wp-content\/uploads\/2022\/11\/2012-09-20-15.52.51-150x150.jpg\" alt=\"2012-09-20 15.52.51\" \/><div class=\"swiper-lazy-preloader\"><\/div><\/figure><\/div><div class=\"swiper-slide\"><figure class=\"swiper-slide-inner\"><img class=\"swiper-slide-image swiper-lazy\" data-src=\"https:\/\/elektr-on.pl\/wp-content\/uploads\/2022\/11\/2012-02-02-16.10.06-150x150.jpg\" alt=\"2012-02-02 16.10.06\" \/><div class=\"swiper-lazy-preloader\"><\/div><\/figure><\/div><div class=\"swiper-slide\"><figure class=\"swiper-slide-inner\"><img class=\"swiper-slide-image swiper-lazy\" data-src=\"https:\/\/elektr-on.pl\/wp-content\/uploads\/2022\/11\/20171204_205351-150x150.jpg\" alt=\"20171204_205351\" \/><div class=\"swiper-lazy-preloader\"><\/div><\/figure><\/div><div class=\"swiper-slide\"><figure class=\"swiper-slide-inner\"><img class=\"swiper-slide-image swiper-lazy\" data-src=\"https:\/\/elektr-on.pl\/wp-content\/uploads\/2022\/11\/2012-01-30-11.36.21-150x150.jpg\" alt=\"2012-01-30 11.36.21\" \/><div class=\"swiper-lazy-preloader\"><\/div><\/figure><\/div>\t\t\t<\/div>\n\t\t\t\t\t\t\t\t\t\t\t\t<div class=\"swiper-pagination\"><\/div>\n\t\t\t\t\t\t\t\t\t\t\t\t\t<div class=\"elementor-swiper-button elementor-swiper-button-prev\">\n\t\t\t\t\t\t<i aria-hidden=\"true\" class=\"eicon-chevron-left\"><\/i>\t\t\t\t\t\t<span class=\"elementor-screen-only\">Poprzednie<\/span>\n\t\t\t\t\t<\/div>\n\t\t\t\t\t<div class=\"elementor-swiper-button elementor-swiper-button-next\">\n\t\t\t\t\t\t<i aria-hidden=\"true\" class=\"eicon-chevron-right\"><\/i>\t\t\t\t\t\t<span class=\"elementor-screen-only\">Nast\u0119pne<\/span>\n\t\t\t\t\t<\/div>\n\t\t\t\t\t\t\t\t\t<\/div>\n\t\t\t\t<\/div>\n\t\t\t\t<\/div>\n\t\t\t\t\t<\/div>\n\t\t<\/div>\n\t\t\t\t\t\t\t<\/div>\n\t\t<\/section>\n\t\t\t\t<section class=\"elementor-section elementor-top-section elementor-element elementor-element-7e5bafa elementor-section-boxed elementor-section-height-default elementor-section-height-default\" data-id=\"7e5bafa\" data-element_type=\"section\">\n\t\t\t\t\t\t<div class=\"elementor-container elementor-column-gap-default\">\n\t\t\t\t\t<div class=\"elementor-column elementor-col-100 elementor-top-column elementor-element elementor-element-aec2971\" data-id=\"aec2971\" data-element_type=\"column\">\n\t\t\t<div class=\"elementor-widget-wrap elementor-element-populated\">\n\t\t\t\t\t\t\t\t<div class=\"elementor-element elementor-element-a087faf elementor-arrows-position-inside elementor-pagination-position-outside elementor-widget elementor-widget-image-carousel\" data-id=\"a087faf\" data-element_type=\"widget\" data-settings=\"{&quot;lazyload&quot;:&quot;yes&quot;,&quot;autoplay_speed&quot;:4000,&quot;navigation&quot;:&quot;both&quot;,&quot;autoplay&quot;:&quot;yes&quot;,&quot;pause_on_hover&quot;:&quot;yes&quot;,&quot;pause_on_interaction&quot;:&quot;yes&quot;,&quot;infinite&quot;:&quot;yes&quot;,&quot;speed&quot;:500}\" data-widget_type=\"image-carousel.default\">\n\t\t\t\t<div class=\"elementor-widget-container\">\n\t\t\t\t\t<div class=\"elementor-image-carousel-wrapper swiper-container\" dir=\"ltr\">\n\t\t\t<div class=\"elementor-image-carousel swiper-wrapper\">\n\t\t\t\t\t\t\t\t<div class=\"swiper-slide\"><figure class=\"swiper-slide-inner\"><img class=\"swiper-slide-image swiper-lazy\" data-src=\"https:\/\/elektr-on.pl\/wp-content\/uploads\/2022\/11\/20151127_142926-150x150.jpg\" alt=\"20151127_142926\" \/><div class=\"swiper-lazy-preloader\"><\/div><\/figure><\/div><div class=\"swiper-slide\"><figure class=\"swiper-slide-inner\"><img class=\"swiper-slide-image swiper-lazy\" data-src=\"https:\/\/elektr-on.pl\/wp-content\/uploads\/2022\/11\/20160209_154634-150x150.jpg\" alt=\"20160209_154634\" \/><div class=\"swiper-lazy-preloader\"><\/div><\/figure><\/div><div class=\"swiper-slide\"><figure class=\"swiper-slide-inner\"><img class=\"swiper-slide-image swiper-lazy\" data-src=\"https:\/\/elektr-on.pl\/wp-content\/uploads\/2022\/11\/20160209_170317-150x150.jpg\" alt=\"20160209_170317\" \/><div class=\"swiper-lazy-preloader\"><\/div><\/figure><\/div><div class=\"swiper-slide\"><figure class=\"swiper-slide-inner\"><img class=\"swiper-slide-image swiper-lazy\" data-src=\"https:\/\/elektr-on.pl\/wp-content\/uploads\/2022\/11\/20151127_142831-150x150.jpg\" alt=\"20151127_142831\" \/><div class=\"swiper-lazy-preloader\"><\/div><\/figure><\/div><div class=\"swiper-slide\"><figure class=\"swiper-slide-inner\"><img class=\"swiper-slide-image swiper-lazy\" data-src=\"https:\/\/elektr-on.pl\/wp-content\/uploads\/2022\/11\/20151127_142820-150x150.jpg\" alt=\"20151127_142820\" \/><div class=\"swiper-lazy-preloader\"><\/div><\/figure><\/div><div class=\"swiper-slide\"><figure class=\"swiper-slide-inner\"><img class=\"swiper-slide-image swiper-lazy\" data-src=\"https:\/\/elektr-on.pl\/wp-content\/uploads\/2022\/11\/20151127_142750-150x150.jpg\" alt=\"20151127_142750\" \/><div class=\"swiper-lazy-preloader\"><\/div><\/figure><\/div><div class=\"swiper-slide\"><figure class=\"swiper-slide-inner\"><img class=\"swiper-slide-image swiper-lazy\" data-src=\"https:\/\/elektr-on.pl\/wp-content\/uploads\/2022\/11\/20151127_142946-150x150.jpg\" alt=\"20151127_142946\" \/><div class=\"swiper-lazy-preloader\"><\/div><\/figure><\/div><div class=\"swiper-slide\"><figure class=\"swiper-slide-inner\"><img class=\"swiper-slide-image swiper-lazy\" data-src=\"https:\/\/elektr-on.pl\/wp-content\/uploads\/2022\/11\/20151127_142421-150x150.jpg\" alt=\"20151127_142421\" \/><div class=\"swiper-lazy-preloader\"><\/div><\/figure><\/div>\t\t\t<\/div>\n\t\t\t\t\t\t\t\t\t\t\t\t<div class=\"swiper-pagination\"><\/div>\n\t\t\t\t\t\t\t\t\t\t\t\t\t<div class=\"elementor-swiper-button elementor-swiper-button-prev\">\n\t\t\t\t\t\t<i aria-hidden=\"true\" class=\"eicon-chevron-left\"><\/i>\t\t\t\t\t\t<span class=\"elementor-screen-only\">Poprzednie<\/span>\n\t\t\t\t\t<\/div>\n\t\t\t\t\t<div class=\"elementor-swiper-button elementor-swiper-button-next\">\n\t\t\t\t\t\t<i aria-hidden=\"true\" class=\"eicon-chevron-right\"><\/i>\t\t\t\t\t\t<span class=\"elementor-screen-only\">Nast\u0119pne<\/span>\n\t\t\t\t\t<\/div>\n\t\t\t\t\t\t\t\t\t<\/div>\n\t\t\t\t<\/div>\n\t\t\t\t<\/div>\n\t\t\t\t\t<\/div>\n\t\t<\/div>\n\t\t\t\t\t\t\t<\/div>\n\t\t<\/section>\n\t\t\t\t\t\t\t<\/div>\n\t\t","protected":false},"excerpt":{"rendered":"<p>Poprzednie Nast\u0119pne Poprzednie Nast\u0119pne Poprzednie Nast\u0119pne<\/p>\n","protected":false},"author":1,"featured_media":146,"parent":0,"menu_order":0,"comment_status":"closed","ping_status":"closed","template":"","meta":{"footnotes":""},"class_list":["post-69","page","type-page","status-publish","has-post-thumbnail","hentry"],"yoast_head":"<!-- This site is optimized with the Yoast SEO plugin v19.0 - https:\/\/yoast.com\/wordpress\/plugins\/seo\/ -->\n<title>Galeria - Elektr-ON<\/title>\n<meta name=\"robots\" content=\"index, follow, max-snippet:-1, max-image-preview:large, max-video-preview:-1\" \/>\n<link rel=\"canonical\" href=\"https:\/\/elektr-on.pl\/?page_id=69\" \/>\n<meta property=\"og:locale\" content=\"pl_PL\" \/>\n<meta property=\"og:type\" content=\"article\" \/>\n<meta property=\"og:title\" content=\"Galeria - Elektr-ON\" \/>\n<meta property=\"og:description\" content=\"Poprzednie Nast\u0119pne Poprzednie Nast\u0119pne Poprzednie Nast\u0119pne\" \/>\n<meta property=\"og:url\" content=\"https:\/\/elektr-on.pl\/?page_id=69\" \/>\n<meta property=\"og:site_name\" content=\"Elektr-ON\" \/>\n<meta property=\"article:modified_time\" content=\"2022-11-12T18:15:38+00:00\" \/>\n<meta property=\"og:image\" content=\"https:\/\/elektr-on.pl\/wp-content\/uploads\/2022\/11\/2012-01-30-11.33.18.jpg\" \/>\n\t<meta property=\"og:image:width\" content=\"2560\" \/>\n\t<meta property=\"og:image:height\" content=\"1920\" \/>\n\t<meta property=\"og:image:type\" content=\"image\/jpeg\" \/>\n<meta name=\"twitter:card\" content=\"summary_large_image\" \/>\n<meta name=\"twitter:label1\" content=\"Szacowany czas czytania\" \/>\n\t<meta name=\"twitter:data1\" content=\"9 minut\" \/>\n<script type=\"application\/ld+json\" class=\"yoast-schema-graph\">{\"@context\":\"https:\/\/schema.org\",\"@graph\":[{\"@type\":\"WebSite\",\"@id\":\"https:\/\/elektr-on.pl\/#website\",\"url\":\"https:\/\/elektr-on.pl\/\",\"name\":\"Elektr-ON\",\"description\":\"J.Sadowski\",\"potentialAction\":[{\"@type\":\"SearchAction\",\"target\":{\"@type\":\"EntryPoint\",\"urlTemplate\":\"https:\/\/elektr-on.pl\/?s={search_term_string}\"},\"query-input\":\"required name=search_term_string\"}],\"inLanguage\":\"pl-PL\"},{\"@type\":\"ImageObject\",\"inLanguage\":\"pl-PL\",\"@id\":\"https:\/\/elektr-on.pl\/?page_id=69#primaryimage\",\"url\":\"https:\/\/elektr-on.pl\/wp-content\/uploads\/2022\/11\/2012-01-30-11.33.18.jpg\",\"contentUrl\":\"https:\/\/elektr-on.pl\/wp-content\/uploads\/2022\/11\/2012-01-30-11.33.18.jpg\",\"width\":2560,\"height\":1920},{\"@type\":\"WebPage\",\"@id\":\"https:\/\/elektr-on.pl\/?page_id=69#webpage\",\"url\":\"https:\/\/elektr-on.pl\/?page_id=69\",\"name\":\"Galeria - Elektr-ON\",\"isPartOf\":{\"@id\":\"https:\/\/elektr-on.pl\/#website\"},\"primaryImageOfPage\":{\"@id\":\"https:\/\/elektr-on.pl\/?page_id=69#primaryimage\"},\"datePublished\":\"2022-11-07T18:54:22+00:00\",\"dateModified\":\"2022-11-12T18:15:38+00:00\",\"breadcrumb\":{\"@id\":\"https:\/\/elektr-on.pl\/?page_id=69#breadcrumb\"},\"inLanguage\":\"pl-PL\",\"potentialAction\":[{\"@type\":\"ReadAction\",\"target\":[\"https:\/\/elektr-on.pl\/?page_id=69\"]}]},{\"@type\":\"BreadcrumbList\",\"@id\":\"https:\/\/elektr-on.pl\/?page_id=69#breadcrumb\",\"itemListElement\":[{\"@type\":\"ListItem\",\"position\":1,\"name\":\"Home\",\"item\":\"https:\/\/server931206.nazwa.pl\/wordpress\/wpn_pierwszainstalacja\/\"},{\"@type\":\"ListItem\",\"position\":2,\"name\":\"Galeria\"}]},{\"@type\":\"Person\",\"@id\":\"https:\/\/elektr-on.pl\/#\/schema\/person\/dfa562098b34887154b3837e3fbf6998\",\"name\":\"jarek.sadowski@vp.pl\",\"image\":{\"@type\":\"ImageObject\",\"inLanguage\":\"pl-PL\",\"@id\":\"https:\/\/elektr-on.pl\/#\/schema\/person\/image\/\",\"url\":\"https:\/\/secure.gravatar.com\/avatar\/11687db4d896c322d273b3b5d907cba2949c24d334450940a567380510f60abd?s=96&d=mm&r=g\",\"contentUrl\":\"https:\/\/secure.gravatar.com\/avatar\/11687db4d896c322d273b3b5d907cba2949c24d334450940a567380510f60abd?s=96&d=mm&r=g\",\"caption\":\"jarek.sadowski@vp.pl\"},\"sameAs\":[\"https:\/\/server931206.nazwa.pl\/wordpress\/wpn_pierwszainstalacja\"],\"url\":\"https:\/\/elektr-on.pl\/?author=1\"}]}<\/script>\n<!-- \/ Yoast SEO plugin. -->","yoast_head_json":{"title":"Galeria - Elektr-ON","robots":{"index":"index","follow":"follow","max-snippet":"max-snippet:-1","max-image-preview":"max-image-preview:large","max-video-preview":"max-video-preview:-1"},"canonical":"https:\/\/elektr-on.pl\/?page_id=69","og_locale":"pl_PL","og_type":"article","og_title":"Galeria - Elektr-ON","og_description":"Poprzednie Nast\u0119pne Poprzednie Nast\u0119pne Poprzednie Nast\u0119pne","og_url":"https:\/\/elektr-on.pl\/?page_id=69","og_site_name":"Elektr-ON","article_modified_time":"2022-11-12T18:15:38+00:00","og_image":[{"width":2560,"height":1920,"url":"https:\/\/elektr-on.pl\/wp-content\/uploads\/2022\/11\/2012-01-30-11.33.18.jpg","type":"image\/jpeg"}],"twitter_card":"summary_large_image","twitter_misc":{"Szacowany czas czytania":"9 minut"},"schema":{"@context":"https:\/\/schema.org","@graph":[{"@type":"WebSite","@id":"https:\/\/elektr-on.pl\/#website","url":"https:\/\/elektr-on.pl\/","name":"Elektr-ON","description":"J.Sadowski","potentialAction":[{"@type":"SearchAction","target":{"@type":"EntryPoint","urlTemplate":"https:\/\/elektr-on.pl\/?s={search_term_string}"},"query-input":"required name=search_term_string"}],"inLanguage":"pl-PL"},{"@type":"ImageObject","inLanguage":"pl-PL","@id":"https:\/\/elektr-on.pl\/?page_id=69#primaryimage","url":"https:\/\/elektr-on.pl\/wp-content\/uploads\/2022\/11\/2012-01-30-11.33.18.jpg","contentUrl":"https:\/\/elektr-on.pl\/wp-content\/uploads\/2022\/11\/2012-01-30-11.33.18.jpg","width":2560,"height":1920},{"@type":"WebPage","@id":"https:\/\/elektr-on.pl\/?page_id=69#webpage","url":"https:\/\/elektr-on.pl\/?page_id=69","name":"Galeria - Elektr-ON","isPartOf":{"@id":"https:\/\/elektr-on.pl\/#website"},"primaryImageOfPage":{"@id":"https:\/\/elektr-on.pl\/?page_id=69#primaryimage"},"datePublished":"2022-11-07T18:54:22+00:00","dateModified":"2022-11-12T18:15:38+00:00","breadcrumb":{"@id":"https:\/\/elektr-on.pl\/?page_id=69#breadcrumb"},"inLanguage":"pl-PL","potentialAction":[{"@type":"ReadAction","target":["https:\/\/elektr-on.pl\/?page_id=69"]}]},{"@type":"BreadcrumbList","@id":"https:\/\/elektr-on.pl\/?page_id=69#breadcrumb","itemListElement":[{"@type":"ListItem","position":1,"name":"Home","item":"https:\/\/server931206.nazwa.pl\/wordpress\/wpn_pierwszainstalacja\/"},{"@type":"ListItem","position":2,"name":"Galeria"}]},{"@type":"Person","@id":"https:\/\/elektr-on.pl\/#\/schema\/person\/dfa562098b34887154b3837e3fbf6998","name":"jarek.sadowski@vp.pl","image":{"@type":"ImageObject","inLanguage":"pl-PL","@id":"https:\/\/elektr-on.pl\/#\/schema\/person\/image\/","url":"https:\/\/secure.gravatar.com\/avatar\/11687db4d896c322d273b3b5d907cba2949c24d334450940a567380510f60abd?s=96&d=mm&r=g","contentUrl":"https:\/\/secure.gravatar.com\/avatar\/11687db4d896c322d273b3b5d907cba2949c24d334450940a567380510f60abd?s=96&d=mm&r=g","caption":"jarek.sadowski@vp.pl"},"sameAs":["https:\/\/server931206.nazwa.pl\/wordpress\/wpn_pierwszainstalacja"],"url":"https:\/\/elektr-on.pl\/?author=1"}]}},"_links":{"self":[{"href":"https:\/\/elektr-on.pl\/index.php?rest_route=\/wp\/v2\/pages\/69","targetHints":{"allow":["GET"]}}],"collection":[{"href":"https:\/\/elektr-on.pl\/index.php?rest_route=\/wp\/v2\/pages"}],"about":[{"href":"https:\/\/elektr-on.pl\/index.php?rest_route=\/wp\/v2\/types\/page"}],"author":[{"embeddable":true,"href":"https:\/\/elektr-on.pl\/index.php?rest_route=\/wp\/v2\/users\/1"}],"replies":[{"embeddable":true,"href":"https:\/\/elektr-on.pl\/index.php?rest_route=%2Fwp%2Fv2%2Fcomments&post=69"}],"version-history":[{"count":24,"href":"https:\/\/elektr-on.pl\/index.php?rest_route=\/wp\/v2\/pages\/69\/revisions"}],"predecessor-version":[{"id":263,"href":"https:\/\/elektr-on.pl\/index.php?rest_route=\/wp\/v2\/pages\/69\/revisions\/263"}],"wp:featuredmedia":[{"embeddable":true,"href":"https:\/\/elektr-on.pl\/index.php?rest_route=\/wp\/v2\/media\/146"}],"wp:attachment":[{"href":"https:\/\/elektr-on.pl\/index.php?rest_route=%2Fwp%2Fv2%2Fmedia&parent=69"}],"curies":[{"name":"wp","href":"https:\/\/api.w.org\/{rel}","templated":true}]}}